{"id":383,"date":"2026-04-08T09:44:41","date_gmt":"2026-04-08T09:44:41","guid":{"rendered":"https:\/\/lux.azdigi.shop\/?post_type=product&#038;p=383"},"modified":"2026-04-08T09:45:42","modified_gmt":"2026-04-08T09:45:42","slug":"mat-na-serum-duong-the-vaseline","status":"publish","type":"product","link":"https:\/\/lux.azdigi.shop\/?product=mat-na-serum-duong-the-vaseline","title":{"rendered":"M\u1eb7t N\u1ea1 Serum D\u01b0\u1ee1ng Th\u1ec3 Vaseline"},"content":{"rendered":"<h3 data-section-id=\"1khqkak\" data-start=\"253\" data-end=\"281\">\ud83c\udf3f Gi\u1edbi thi\u1ec7u s\u1ea3n ph\u1ea9m<\/h3>\n<p data-start=\"282\" data-end=\"602\">M\u1eb7t N\u1ea1 Serum D\u01b0\u1ee1ng Th\u1ec3 Vaseline Healthy Bright Gluta-Hya Serum Burst Lotion Overnight Radiance Repair l\u00e0 gi\u1ea3i ph\u00e1p ch\u0103m s\u00f3c da ban \u0111\u00eam chuy\u00ean s\u00e2u, gi\u00fap <strong data-start=\"434\" data-end=\"471\">ph\u1ee5c h\u1ed3i, c\u1ea5p \u1ea9m v\u00e0 d\u01b0\u1ee1ng s\u00e1ng da<\/strong> khi b\u1ea1n ng\u1ee7. C\u00f4ng ngh\u1ec7 serum burst \u0111\u1ed9c \u0111\u00e1o gi\u00fap d\u01b0\u1ee1ng ch\u1ea5t th\u1ea9m th\u1ea5u nhanh, mang l\u1ea1i l\u00e0n da c\u0103ng m\u01b0\u1edbt v\u00e0 r\u1ea1ng r\u1ee1 v\u00e0o s\u00e1ng h\u00f4m sau.<\/p>\n<hr data-start=\"604\" data-end=\"607\" \/>\n<h3 data-section-id=\"1rtshsh\" data-start=\"609\" data-end=\"634\">\u2728 C\u00f4ng d\u1ee5ng n\u1ed5i b\u1eadt<\/h3>\n<ul data-start=\"635\" data-end=\"891\">\n<li data-section-id=\"b6s2sl\" data-start=\"635\" data-end=\"690\"><strong data-start=\"637\" data-end=\"656\">Ph\u1ee5c h\u1ed3i l\u00e0n da<\/strong> kh\u00f4 r\u00e1p, thi\u1ebfu s\u1ee9c s\u1ed1ng qua \u0111\u00eam<\/li>\n<li data-section-id=\"vwwmpj\" data-start=\"691\" data-end=\"739\"><strong data-start=\"693\" data-end=\"707\">C\u1ea5p \u1ea9m s\u00e2u<\/strong>, gi\u00fap da m\u1ec1m m\u1ecbn v\u00e0 c\u0103ng m\u01b0\u1edbt<\/li>\n<li data-section-id=\"1ghz48b\" data-start=\"740\" data-end=\"790\">H\u1ed7 tr\u1ee3 <strong data-start=\"749\" data-end=\"766\">d\u01b0\u1ee1ng s\u00e1ng da<\/strong>, c\u1ea3i thi\u1ec7n da x\u1ec9n m\u00e0u<\/li>\n<li data-section-id=\"wli529\" data-start=\"791\" data-end=\"839\">T\u0103ng \u0111\u1ed9 \u0111\u00e0n h\u1ed3i, gi\u00fap da tr\u00f4ng kh\u1ecfe m\u1ea1nh h\u01a1n<\/li>\n<li data-section-id=\"b4tcbp\" data-start=\"840\" data-end=\"891\">Mang l\u1ea1i hi\u1ec7u \u1ee9ng <strong data-start=\"860\" data-end=\"889\">da b\u00f3ng kh\u1ecfe (glowy\/dewy)<\/strong><\/li>\n<\/ul>\n<hr data-start=\"893\" data-end=\"896\" \/>\n<h3 data-section-id=\"11ddop\" data-start=\"898\" data-end=\"929\">\ud83d\udca7 Th\u00e0nh ph\u1ea7n &amp; c\u00f4ng ngh\u1ec7<\/h3>\n<ul data-start=\"930\" data-end=\"1151\">\n<li data-section-id=\"1eyteia\" data-start=\"930\" data-end=\"993\"><strong data-start=\"932\" data-end=\"960\">Gluta-Glow (Glutathione)<\/strong>: H\u1ed7 tr\u1ee3 l\u00e0m s\u00e1ng v\u00e0 \u0111\u1ec1u m\u00e0u da<\/li>\n<li data-section-id=\"v28src\" data-start=\"994\" data-end=\"1044\"><strong data-start=\"996\" data-end=\"1020\">Hyaluronic Acid (HA)<\/strong>: C\u1ea5p \u1ea9m s\u00e2u, gi\u1eef n\u01b0\u1edbc<\/li>\n<li data-section-id=\"1mubeq5\" data-start=\"1045\" data-end=\"1107\">C\u00f4ng ngh\u1ec7 <strong data-start=\"1057\" data-end=\"1072\">Serum Burst<\/strong>: Th\u1ea9m th\u1ea5u nhanh, kh\u00f4ng nh\u1eddn r\u00edt<\/li>\n<li data-section-id=\"dcqutw\" data-start=\"1108\" data-end=\"1151\">C\u00f4ng th\u1ee9c d\u01b0\u1ee1ng chuy\u00ean s\u00e2u d\u00f9ng ban \u0111\u00eam<\/li>\n<\/ul>\n<hr data-start=\"1153\" data-end=\"1156\" \/>\n<h3 data-section-id=\"w78wgh\" data-start=\"1158\" data-end=\"1185\">\ud83d\udc69\u200d\u2695\ufe0f Lo\u1ea1i da ph\u00f9 h\u1ee3p<\/h3>\n<ul data-start=\"1186\" data-end=\"1269\">\n<li data-section-id=\"jzsxv3\" data-start=\"1186\" data-end=\"1201\">M\u1ecdi lo\u1ea1i da<\/li>\n<li data-section-id=\"1d4odko\" data-start=\"1202\" data-end=\"1269\">\u0110\u1eb7c bi\u1ec7t:\n<ul data-start=\"1218\" data-end=\"1269\">\n<li data-section-id=\"nrz0q5\" data-start=\"1218\" data-end=\"1238\">Da kh\u00f4, thi\u1ebfu \u1ea9m<\/li>\n<li data-section-id=\"1p3l5p7\" data-start=\"1241\" data-end=\"1269\">Da x\u1ec9n m\u00e0u, k\u00e9m s\u1ee9c s\u1ed1ng<\/li>\n<\/ul>\n<\/li>\n<\/ul>\n<hr data-start=\"1271\" data-end=\"1274\" \/>\n<h3 data-section-id=\"lbo3wx\" data-start=\"1276\" data-end=\"1302\">\ud83e\uddf4 H\u01b0\u1edbng d\u1eabn s\u1eed d\u1ee5ng<\/h3>\n<ol data-start=\"1303\" data-end=\"1492\">\n<li data-section-id=\"ey0hrd\" data-start=\"1303\" data-end=\"1340\">S\u1eed d\u1ee5ng v\u00e0o bu\u1ed5i t\u1ed1i sau khi t\u1eafm<\/li>\n<li data-section-id=\"1e0ap0b\" data-start=\"1341\" data-end=\"1387\">L\u1ea5y m\u1ed9t l\u01b0\u1ee3ng v\u1eeba \u0111\u1ee7, thoa \u0111\u1ec1u l\u00ean c\u01a1 th\u1ec3<\/li>\n<li data-section-id=\"7xexkh\" data-start=\"1388\" data-end=\"1492\">Massage nh\u1eb9 nh\u00e0ng \u0111\u1ec3 d\u01b0\u1ee1ng ch\u1ea5t th\u1ea9m th\u1ea5u<br data-start=\"1432\" data-end=\"1435\" \/>\ud83d\udc49 Kh\u00f4ng c\u1ea7n r\u1eeda l\u1ea1i, \u0111\u1ec3 qua \u0111\u00eam \u0111\u1ec3 \u0111\u1ea1t hi\u1ec7u qu\u1ea3 t\u1ed1i \u01b0u<\/li>\n<\/ol>\n<hr data-start=\"1494\" data-end=\"1497\" \/>\n<h3 data-section-id=\"xil66r\" data-start=\"1499\" data-end=\"1522\">\u2b50 \u01afu \u0111i\u1ec3m n\u1ed5i b\u1eadt<\/h3>\n<p data-start=\"1523\" data-end=\"1664\">\u2714 D\u01b0\u1ee1ng \u1ea9m &amp; ph\u1ee5c h\u1ed3i da chuy\u00ean s\u00e2u ban \u0111\u00eam<br data-start=\"1566\" data-end=\"1569\" \/>\u2714 Th\u1ea5m nhanh, kh\u00f4ng b\u1ebft d\u00ednh<br data-start=\"1597\" data-end=\"1600\" \/>\u2714 Gi\u00fap da c\u0103ng m\u01b0\u1edbt r\u00f5 r\u1ec7t<br data-start=\"1626\" data-end=\"1629\" \/>\u2714 D\u1ec5 s\u1eed d\u1ee5ng, ti\u1ec7n l\u1ee3i nh\u01b0 lotion<\/p>\n<hr data-start=\"1666\" data-end=\"1669\" \/>\n<h3 data-section-id=\"hzpe5p\" data-start=\"1671\" data-end=\"1698\">\ud83d\udce6 Th\u00f4ng tin s\u1ea3n ph\u1ea9m<\/h3>\n<ul data-start=\"1699\" data-end=\"1838\">\n<li data-section-id=\"3g8qcw\" data-start=\"1699\" data-end=\"1727\">Dung t\u00edch: 300ml \/ 400ml<\/li>\n<li data-section-id=\"1w474oa\" data-start=\"1728\" data-end=\"1753\">Th\u01b0\u01a1ng hi\u1ec7u: Vaseline<\/li>\n<li data-section-id=\"sfbit8\" data-start=\"1754\" data-end=\"1788\">D\u00f2ng: Healthy Bright Gluta-Hya<\/li>\n<li data-section-id=\"ifcq81\" data-start=\"1789\" data-end=\"1838\">Xu\u1ea5t x\u1ee9: (t\u00f9y th\u1ecb tr\u01b0\u1eddng: Th\u00e1i Lan\/Indonesia)<\/li>\n<\/ul>\n<hr data-start=\"1840\" data-end=\"1843\" \/>\n<h3 data-section-id=\"y76l01\" data-start=\"1845\" data-end=\"1883\">\ud83d\udd25 V\u00ec sao n\u00ean ch\u1ecdn s\u1ea3n ph\u1ea9m n\u00e0y?<\/h3>\n<p data-start=\"1884\" data-end=\"2083\">N\u1ebfu b\u1ea1n \u0111ang t\u00ecm m\u1ed9t s\u1ea3n ph\u1ea9m d\u01b0\u1ee1ng th\u1ec3 <strong data-start=\"1924\" data-end=\"1973\">c\u1ea5p \u1ea9m s\u00e2u \u2013 ph\u1ee5c h\u1ed3i \u2013 d\u01b0\u1ee1ng s\u00e1ng da ban \u0111\u00eam<\/strong>, th\u00ec Vaseline Overnight Radiance Repair l\u00e0 l\u1ef1a ch\u1ecdn ho\u00e0n h\u1ea3o gi\u00fap l\u00e0n da c\u0103ng m\u1ecbn v\u00e0 r\u1ea1ng r\u1ee1 ch\u1ec9 sau m\u1ed9t \u0111\u00eam.<\/p>\n","protected":false},"excerpt":{"rendered":"<h2 class=\"text-base leading-[1.2] mb-2\">Healthy Bright Gluta-Hya Serum Burst Lotion Overnight Radiance Repair<\/h2>\n<div class=\"flex items-center gap-1 text-[#326E51] text-sm leading-[17px] mb-2.5\">\n<div class=\"bg-orange min-h-[20px] min-w-[20px] text-sm px-1 rounded-sm flex items-center justify-center gap-0.5\">C\u00f4ng d\u1ee5ng:<b class=\"ml-[5px]\">M\u1eb7t n\u1ea1 d\u01b0\u1ee1ng th\u1ec3<\/b><\/div>\n<\/div>\n","protected":false},"featured_media":384,"comment_status":"open","ping_status":"closed","template":"","meta":[],"product_brand":[42],"product_cat":[40,41,30,29],"product_tag":[],"class_list":{"0":"post-383","1":"product","2":"type-product","3":"status-publish","4":"has-post-thumbnail","6":"product_brand-vaseline","7":"product_cat-ban-chay","8":"product_cat-duong-the","9":"product_cat-flash-deals","10":"product_cat-san-pham-yeu-thich","12":"first","13":"instock","14":"sale","15":"shipping-taxable","16":"purchasable","17":"product-type-variable"},"yoast_head":"<!-- This site is optimized with the Yoast SEO plugin v27.2 - https:\/\/yoast.com\/product\/yoast-seo-wordpress\/ -->\n<title>M\u1eb7t N\u1ea1 Serum D\u01b0\u1ee1ng Th\u1ec3 Vaseline - Lux<\/title>\n<meta name=\"description\" content=\"M\u1eb7t N\u1ea1 Serum D\u01b0\u1ee1ng Th\u1ec3 Vaseline Healthy Bright Gluta-Hya Serum Burst Lotion Overnight Radiance Repair l\u00e0 gi\u1ea3i ph\u00e1p ch\u0103m s\u00f3c da ban \u0111\u00eam chuy\u00ean s\u00e2u.\" \/>\n<meta name=\"robots\" content=\"index, follow, max-snippet:-1, max-image-preview:large, max-video-preview:-1\" \/>\n<link rel=\"canonical\" href=\"https:\/\/lux.azdigi.shop\/?product=mat-na-serum-duong-the-vaseline\" \/>\n<meta property=\"og:locale\" content=\"vi_VN\" \/>\n<meta property=\"og:type\" content=\"article\" \/>\n<meta property=\"og:title\" content=\"M\u1eb7t N\u1ea1 Serum D\u01b0\u1ee1ng Th\u1ec3 Vaseline - Lux\" \/>\n<meta property=\"og:description\" content=\"M\u1eb7t N\u1ea1 Serum D\u01b0\u1ee1ng Th\u1ec3 Vaseline Healthy Bright Gluta-Hya Serum Burst Lotion Overnight Radiance Repair l\u00e0 gi\u1ea3i ph\u00e1p ch\u0103m s\u00f3c da ban \u0111\u00eam chuy\u00ean s\u00e2u.\" \/>\n<meta property=\"og:url\" content=\"https:\/\/lux.azdigi.shop\/?product=mat-na-serum-duong-the-vaseline\" \/>\n<meta property=\"og:site_name\" content=\"Lux\" \/>\n<meta property=\"article:modified_time\" content=\"2026-04-08T09:45:42+00:00\" \/>\n<meta property=\"og:image\" content=\"https:\/\/lux.azdigi.shop\/wp-content\/uploads\/2026\/04\/Screenshot-2026-04-08-162932.png\" \/>\n\t<meta property=\"og:image:width\" content=\"447\" \/>\n\t<meta property=\"og:image:height\" content=\"430\" \/>\n\t<meta property=\"og:image:type\" content=\"image\/png\" \/>\n<meta name=\"twitter:card\" content=\"summary_large_image\" \/>\n<meta name=\"twitter:label1\" content=\"\u01af\u1edbc t\u00ednh th\u1eddi gian \u0111\u1ecdc\" \/>\n\t<meta name=\"twitter:data1\" content=\"3 ph\u00fat\" \/>\n<script type=\"application\/ld+json\" class=\"yoast-schema-graph\">{\"@context\":\"https:\/\/schema.org\",\"@graph\":[{\"@type\":\"WebPage\",\"@id\":\"https:\/\/lux.azdigi.shop\/?product=mat-na-serum-duong-the-vaseline\",\"url\":\"https:\/\/lux.azdigi.shop\/?product=mat-na-serum-duong-the-vaseline\",\"name\":\"M\u1eb7t N\u1ea1 Serum D\u01b0\u1ee1ng Th\u1ec3 Vaseline - Lux\",\"isPartOf\":{\"@id\":\"https:\/\/lux.azdigi.shop\/#website\"},\"primaryImageOfPage\":{\"@id\":\"https:\/\/lux.azdigi.shop\/?product=mat-na-serum-duong-the-vaseline#primaryimage\"},\"image\":{\"@id\":\"https:\/\/lux.azdigi.shop\/?product=mat-na-serum-duong-the-vaseline#primaryimage\"},\"thumbnailUrl\":\"https:\/\/lux.azdigi.shop\/wp-content\/uploads\/2026\/04\/Screenshot-2026-04-08-162932.png\",\"datePublished\":\"2026-04-08T09:44:41+00:00\",\"dateModified\":\"2026-04-08T09:45:42+00:00\",\"description\":\"M\u1eb7t N\u1ea1 Serum D\u01b0\u1ee1ng Th\u1ec3 Vaseline Healthy Bright Gluta-Hya Serum Burst Lotion Overnight Radiance Repair l\u00e0 gi\u1ea3i ph\u00e1p ch\u0103m s\u00f3c da ban \u0111\u00eam chuy\u00ean s\u00e2u.\",\"breadcrumb\":{\"@id\":\"https:\/\/lux.azdigi.shop\/?product=mat-na-serum-duong-the-vaseline#breadcrumb\"},\"inLanguage\":\"vi\",\"potentialAction\":[{\"@type\":\"ReadAction\",\"target\":[\"https:\/\/lux.azdigi.shop\/?product=mat-na-serum-duong-the-vaseline\"]}]},{\"@type\":\"ImageObject\",\"inLanguage\":\"vi\",\"@id\":\"https:\/\/lux.azdigi.shop\/?product=mat-na-serum-duong-the-vaseline#primaryimage\",\"url\":\"https:\/\/lux.azdigi.shop\/wp-content\/uploads\/2026\/04\/Screenshot-2026-04-08-162932.png\",\"contentUrl\":\"https:\/\/lux.azdigi.shop\/wp-content\/uploads\/2026\/04\/Screenshot-2026-04-08-162932.png\",\"width\":447,\"height\":430},{\"@type\":\"BreadcrumbList\",\"@id\":\"https:\/\/lux.azdigi.shop\/?product=mat-na-serum-duong-the-vaseline#breadcrumb\",\"itemListElement\":[{\"@type\":\"ListItem\",\"position\":1,\"name\":\"Home\",\"item\":\"https:\/\/lux.azdigi.shop\/\"},{\"@type\":\"ListItem\",\"position\":2,\"name\":\"C\u1eeda h\u00e0ng\",\"item\":\"https:\/\/lux.azdigi.shop\/?page_id=120\"},{\"@type\":\"ListItem\",\"position\":3,\"name\":\"M\u1eb7t N\u1ea1 Serum D\u01b0\u1ee1ng Th\u1ec3 Vaseline\"}]},{\"@type\":\"WebSite\",\"@id\":\"https:\/\/lux.azdigi.shop\/#website\",\"url\":\"https:\/\/lux.azdigi.shop\/\",\"name\":\"Lux\",\"description\":\"\",\"publisher\":{\"@id\":\"https:\/\/lux.azdigi.shop\/#\/schema\/person\/9503659c74a3cb402669cb10b0872f8c\"},\"potentialAction\":[{\"@type\":\"SearchAction\",\"target\":{\"@type\":\"EntryPoint\",\"urlTemplate\":\"https:\/\/lux.azdigi.shop\/?s={search_term_string}\"},\"query-input\":{\"@type\":\"PropertyValueSpecification\",\"valueRequired\":true,\"valueName\":\"search_term_string\"}}],\"inLanguage\":\"vi\"},{\"@type\":[\"Person\",\"Organization\"],\"@id\":\"https:\/\/lux.azdigi.shop\/#\/schema\/person\/9503659c74a3cb402669cb10b0872f8c\",\"name\":\"Vo Hoan Thien\",\"image\":{\"@type\":\"ImageObject\",\"inLanguage\":\"vi\",\"@id\":\"https:\/\/lux.azdigi.shop\/wp-content\/uploads\/2026\/03\/Untitled-design.png\",\"url\":\"https:\/\/lux.azdigi.shop\/wp-content\/uploads\/2026\/03\/Untitled-design.png\",\"contentUrl\":\"https:\/\/lux.azdigi.shop\/wp-content\/uploads\/2026\/03\/Untitled-design.png\",\"width\":402,\"height\":288,\"caption\":\"Vo Hoan Thien\"},\"logo\":{\"@id\":\"https:\/\/lux.azdigi.shop\/wp-content\/uploads\/2026\/03\/Untitled-design.png\"},\"sameAs\":[\"https:\/\/lux.azdigi.shop\"]}]}<\/script>\n<!-- \/ Yoast SEO plugin. -->","yoast_head_json":{"title":"M\u1eb7t N\u1ea1 Serum D\u01b0\u1ee1ng Th\u1ec3 Vaseline - Lux","description":"M\u1eb7t N\u1ea1 Serum D\u01b0\u1ee1ng Th\u1ec3 Vaseline Healthy Bright Gluta-Hya Serum Burst Lotion Overnight Radiance Repair l\u00e0 gi\u1ea3i ph\u00e1p ch\u0103m s\u00f3c da ban \u0111\u00eam chuy\u00ean s\u00e2u.","robots":{"index":"index","follow":"follow","max-snippet":"max-snippet:-1","max-image-preview":"max-image-preview:large","max-video-preview":"max-video-preview:-1"},"canonical":"https:\/\/lux.azdigi.shop\/?product=mat-na-serum-duong-the-vaseline","og_locale":"vi_VN","og_type":"article","og_title":"M\u1eb7t N\u1ea1 Serum D\u01b0\u1ee1ng Th\u1ec3 Vaseline - Lux","og_description":"M\u1eb7t N\u1ea1 Serum D\u01b0\u1ee1ng Th\u1ec3 Vaseline Healthy Bright Gluta-Hya Serum Burst Lotion Overnight Radiance Repair l\u00e0 gi\u1ea3i ph\u00e1p ch\u0103m s\u00f3c da ban \u0111\u00eam chuy\u00ean s\u00e2u.","og_url":"https:\/\/lux.azdigi.shop\/?product=mat-na-serum-duong-the-vaseline","og_site_name":"Lux","article_modified_time":"2026-04-08T09:45:42+00:00","og_image":[{"width":447,"height":430,"url":"https:\/\/lux.azdigi.shop\/wp-content\/uploads\/2026\/04\/Screenshot-2026-04-08-162932.png","type":"image\/png"}],"twitter_card":"summary_large_image","twitter_misc":{"\u01af\u1edbc t\u00ednh th\u1eddi gian \u0111\u1ecdc":"3 ph\u00fat"},"schema":{"@context":"https:\/\/schema.org","@graph":[{"@type":"WebPage","@id":"https:\/\/lux.azdigi.shop\/?product=mat-na-serum-duong-the-vaseline","url":"https:\/\/lux.azdigi.shop\/?product=mat-na-serum-duong-the-vaseline","name":"M\u1eb7t N\u1ea1 Serum D\u01b0\u1ee1ng Th\u1ec3 Vaseline - Lux","isPartOf":{"@id":"https:\/\/lux.azdigi.shop\/#website"},"primaryImageOfPage":{"@id":"https:\/\/lux.azdigi.shop\/?product=mat-na-serum-duong-the-vaseline#primaryimage"},"image":{"@id":"https:\/\/lux.azdigi.shop\/?product=mat-na-serum-duong-the-vaseline#primaryimage"},"thumbnailUrl":"https:\/\/lux.azdigi.shop\/wp-content\/uploads\/2026\/04\/Screenshot-2026-04-08-162932.png","datePublished":"2026-04-08T09:44:41+00:00","dateModified":"2026-04-08T09:45:42+00:00","description":"M\u1eb7t N\u1ea1 Serum D\u01b0\u1ee1ng Th\u1ec3 Vaseline Healthy Bright Gluta-Hya Serum Burst Lotion Overnight Radiance Repair l\u00e0 gi\u1ea3i ph\u00e1p ch\u0103m s\u00f3c da ban \u0111\u00eam chuy\u00ean s\u00e2u.","breadcrumb":{"@id":"https:\/\/lux.azdigi.shop\/?product=mat-na-serum-duong-the-vaseline#breadcrumb"},"inLanguage":"vi","potentialAction":[{"@type":"ReadAction","target":["https:\/\/lux.azdigi.shop\/?product=mat-na-serum-duong-the-vaseline"]}]},{"@type":"ImageObject","inLanguage":"vi","@id":"https:\/\/lux.azdigi.shop\/?product=mat-na-serum-duong-the-vaseline#primaryimage","url":"https:\/\/lux.azdigi.shop\/wp-content\/uploads\/2026\/04\/Screenshot-2026-04-08-162932.png","contentUrl":"https:\/\/lux.azdigi.shop\/wp-content\/uploads\/2026\/04\/Screenshot-2026-04-08-162932.png","width":447,"height":430},{"@type":"BreadcrumbList","@id":"https:\/\/lux.azdigi.shop\/?product=mat-na-serum-duong-the-vaseline#breadcrumb","itemListElement":[{"@type":"ListItem","position":1,"name":"Home","item":"https:\/\/lux.azdigi.shop\/"},{"@type":"ListItem","position":2,"name":"C\u1eeda h\u00e0ng","item":"https:\/\/lux.azdigi.shop\/?page_id=120"},{"@type":"ListItem","position":3,"name":"M\u1eb7t N\u1ea1 Serum D\u01b0\u1ee1ng Th\u1ec3 Vaseline"}]},{"@type":"WebSite","@id":"https:\/\/lux.azdigi.shop\/#website","url":"https:\/\/lux.azdigi.shop\/","name":"Lux","description":"","publisher":{"@id":"https:\/\/lux.azdigi.shop\/#\/schema\/person\/9503659c74a3cb402669cb10b0872f8c"},"potentialAction":[{"@type":"SearchAction","target":{"@type":"EntryPoint","urlTemplate":"https:\/\/lux.azdigi.shop\/?s={search_term_string}"},"query-input":{"@type":"PropertyValueSpecification","valueRequired":true,"valueName":"search_term_string"}}],"inLanguage":"vi"},{"@type":["Person","Organization"],"@id":"https:\/\/lux.azdigi.shop\/#\/schema\/person\/9503659c74a3cb402669cb10b0872f8c","name":"Vo Hoan Thien","image":{"@type":"ImageObject","inLanguage":"vi","@id":"https:\/\/lux.azdigi.shop\/wp-content\/uploads\/2026\/03\/Untitled-design.png","url":"https:\/\/lux.azdigi.shop\/wp-content\/uploads\/2026\/03\/Untitled-design.png","contentUrl":"https:\/\/lux.azdigi.shop\/wp-content\/uploads\/2026\/03\/Untitled-design.png","width":402,"height":288,"caption":"Vo Hoan Thien"},"logo":{"@id":"https:\/\/lux.azdigi.shop\/wp-content\/uploads\/2026\/03\/Untitled-design.png"},"sameAs":["https:\/\/lux.azdigi.shop"]}]}},"_links":{"self":[{"href":"https:\/\/lux.azdigi.shop\/index.php?rest_route=\/wp\/v2\/product\/383","targetHints":{"allow":["GET"]}}],"collection":[{"href":"https:\/\/lux.azdigi.shop\/index.php?rest_route=\/wp\/v2\/product"}],"about":[{"href":"https:\/\/lux.azdigi.shop\/index.php?rest_route=\/wp\/v2\/types\/product"}],"replies":[{"embeddable":true,"href":"https:\/\/lux.azdigi.shop\/index.php?rest_route=%2Fwp%2Fv2%2Fcomments&post=383"}],"wp:featuredmedia":[{"embeddable":true,"href":"https:\/\/lux.azdigi.shop\/index.php?rest_route=\/wp\/v2\/media\/384"}],"wp:attachment":[{"href":"https:\/\/lux.azdigi.shop\/index.php?rest_route=%2Fwp%2Fv2%2Fmedia&parent=383"}],"wp:term":[{"taxonomy":"product_brand","embeddable":true,"href":"https:\/\/lux.azdigi.shop\/index.php?rest_route=%2Fwp%2Fv2%2Fproduct_brand&post=383"},{"taxonomy":"product_cat","embeddable":true,"href":"https:\/\/lux.azdigi.shop\/index.php?rest_route=%2Fwp%2Fv2%2Fproduct_cat&post=383"},{"taxonomy":"product_tag","embeddable":true,"href":"https:\/\/lux.azdigi.shop\/index.php?rest_route=%2Fwp%2Fv2%2Fproduct_tag&post=383"}],"curies":[{"name":"wp","href":"https:\/\/api.w.org\/{rel}","templated":true}]}}